 -103?
-1d4
In base 10, what is -9980 - 4?
-9984
In base 15, what is a521 - 2?
a51e
In base 4, what is 3 + 2122130?
2122133
In base 4, what is 202103303 + 21?
202103330
In base 13, what is caba + -7?
cab3
In base 13, what is -1493 + 20?
-1473
In base 15, what is 3 - c1c4a?
-c1c47
In base 11, what is -140154 - -5?
-14014a
In base 8, what is -26025351 - 5?
-26025356
In base 2, what is 1010 + -110111101110?
-110111100100
In base 14, what is -c53 + -d?
-c62
In base 12, what is 3b03 + 5a?
3b61
In base 2, what is -100001100 - -1111110101?
1011101001
In base 15, what is -5 + -e1ca3?
-e1ca8
In base 5, what is 4 - -1234143?
1234202
In base 15, what is -28bb + 6?
-28b5
In base 16, what is 50 - 156?
-106
In base 8, what is 2631165 - 0?
2631165
In base 15, what is -16cb2 - 1?
-16cb3
In base 4, what is 1210300103 + 11?
1210300120
In base 15, what is 4c + 761?
7ad
In base 11, what is 26 - 226?
-200
In base 10, what is -13589 - 174?
-13763
In base 14, what is -b750 + -12?
-b762
In base 15, what is -54 + 127?
c3
In base 16, what is 53 + -113b?
-10e8
In base 5, what is 10332432 + -40?
10332342
In base 5, what is -20143 + -203?
-20401
In base 2, what is 10001 - -10001101100000010?
10001101100010011
In base 7, what is 31652 - 1?
31651
In base 15, what is -29ee6 + -1?
-29ee7
In base 3, what is 1011022 + -112?
1010210
In base 7, what is -1 - -12111553?
12111552
In base 2, what is 11110100 - 100100101?
-110001
In base 4, what is -11 + 130032103?
130032032
In base 6, what is 11 + -54351?
-54340
In base 9, what is -1646 + 44?
-1602
In base 6, what is 24105 - -1?
24110
In base 12, what is 2238559 + -5?
2238554
In base 13, what is -1 + 4ab4?
4ab3
In base 9, what is 5 + 30670?
30675
In base 4, what is -130200 - 32?
-130232
In base 13, what is ca847 - -4?
ca84b
In base 3, what is 101020200212 + 1?
101020200220
In base 7, what is 24342 + 244?
24616
In base 6, what is 104355 + -32?
104323
In base 6, what is 20424313 - -5?
20424322
In base 15, what is 5a - -5d90?
5dea
In base 12, what is 4 - -3049a?
304a2
In base 2, what is 101 + 101110010100111?
101110010101100
In base 11, what is -93 + -9478?
-9560
In base 7, what is -3146550 - -3?
-3146544
In base 14, what is 1 - -170c0?
170c1
In base 6, what is 334155 - -3?
334202
In base 10, what is -1662 + -30?
-1692
In base 13, what is -3 + 13b7b1?
13b7ab
In base 13, what is 9 + 3066?
3072
In base 6, what is -10330 + 301?
-10025
In base 7, what is 110 + -35466?
-35356
In base 2, what is 1000110101000110 + 11011?
1000110101100001
In base 13, what is 884 - -247?
acb
In base 15, what is -7ed - 7b?
-879
In base 8, what is -2522552 + 2?
-2522550
In base 15, what is 5 - -d47?
d4c
In base 8, what is -1 + 13220?
13217
In base 8, what is 245236 + -1?
245235
In base 14, what is b1a + 25?
b41
In base 4, what is 10 - 11122101022?
-11122101012
In base 14, what is 26a47 + 1?
26a48
In base 5, what is 101230034 + -2?
101230032
In base 16, what is 5d718 - -3?
5d71b
In base 3, what is 10102 + -2020?
1012
In base 3, what is 11 - -121210002010?
121210002021
In base 9, what is 7317288 + 2?
7317301
In base 16, what is 126 + -23?
103
In base 12, what is -3727 + -9?
-3734
In base 5, what is 20 + 12030340?
12030410
In base 11, what is -2 + -993?
-995
In base 13, what is -5 - 38400?
-38405
In base 11, what is -3454 - 28?
-3481
In base 7, what is 10531 - 0?
10531
In base 5, what is 2 + 3223101?
3223103
In base 2, what is 0 + -1010010010110000?
-1010010010110000
In base 7, what is 6001 + -3?
5665
In base 11, what is 3 + 22426?
22429
In base 5, what is -1111104024 + 10?
-1111104014
In base 11, what is 4 - -36309?
36312
In base 14, what is 5 - 363?
-35c
In base 9, what is 4 + -174155?
-174151
In base 3, what is -10010102210 - -1?
-10010102202
In base 3, what is -101101001012 - -2?
-101101001010
In base 10, what is 140284 + 2?
140286
In base 7, what is -13 + 43501?
43455
In base 14, what is 11c301 + -5?
11c2da
In base 11, what is -214 + -258?
-471
In base 8, what is -477223 + -2?
-477225
In base 13, what is 814 - 13ba?
-8a6
In base 13, what is 7 - -20022?
20029
In base 10, what is 23 - 2372?
-2349
In base 9, what is -276 - -1170?
783
In base 14, what is -318 + b56?
83c
In base 13, what is 4 - -3754c5?
3754c9
In base 11, what is 131373 + 7?
13137a
In base 4, what is -1122 - 10321300?
-10323022
In base 16, what is 0 + -1a302?
-1a302
In base 15, what is -1 + -6ed40?
-6ed41
In base 6, what is -31530 + 34?
-31452
In base 5, what is 233132131 + -3?
233132123
In base 15, what is 4656c + 2?
4656e
In base 2, what is 1010001011011011 + 110101?
1010001100010000
In base 2, what is 100 - -10101011111010?
10101011111110
In base 13, what is -1726 + -26?
-174c
In base 15, what is 286 - -5a4?
83a
In base 4, what is -3231300 - 3?
-3231303
In base 8, what is 502664 + 11?
502675
In base 3, what is -1202 + 220001222?
220000020
In base 2, what is 1110111101110 + 110?
1110111110100
In base 10, what is 4439 - 414?
4025
In base 10, what is -3 + -9284?
-9287
In base 14, what is 29715 - -3?
29718
In base 11, what is -658 - 6a6?
-1253
In base 6, what is 0 - -12544121?
12544121
In base 2, what is 1101100001111 + 1011?
1101100011010
In base 4, what is 211331 + 22130?
300121
In base 11, what is -a3816 + -5?
-a3820
In base 14, what is -c00 - -15?
-bc9
In base 13, what is 21688 - 4?
21684
In base 3, what is 1120211 + 12112?
1210100
In base 2, what is 11 + 101100010010100?
101100010010111
In base 3, what is -1202202001 - 110?
-1202202111
In base 4, what is -1 + -2031233?
-2031300
In base 2, what is -111 - -10000000010110101110?
10000000010110100111
In base 4, what is 12 - 222212?
-222200
In base 11, what is -167a + -7?
-1686
In base 16, what is cfc46 - 2?
cfc44
In base 11, what is -4 + -1810a?
-18113
In base 7, what is 0 + 1502324?
1502324
In base 9, what is 1002183 + -3?
1002180
In base 5, what is -11 - 11031114?
-11031130
In base 14, what is -3 - -8c97?
8c94
In base 10, what is 54592 - 7?
54585
In base 3, what is 102 - 100210?
-100101
In base 16, what is -c8c6 - 0?
-c8c6
In base 7, what is -20031 + -3?
-20034
In base 16, what is 1c4d - 23?
1c2a
In base 8, what is 77340 - -157?
77517
In base 5, what is -2 - 323432?
-323434
In base 6, what is -242 - -4450?
4204
In base 7, what is -1032 - -3055?
2023
In base 12, what is -694 + 16?
-67a
In base 8, what is 62 + 2202?
2264
In base 13, what is -4b62c + 2?
-4b62a
In base 11, what is -172 - 45?
-207
In base 8, what is -130355 + 3?
-130352
In base 10, what is -5056 + -514?
-5570
In base 4, what is 1313313 + 100?
1320013
In base 14, what is -4d716 - 2?
-4d718
In base 6, what is -330 - -2525?
2155
In base 9, what is 131 + 14?
145
In base 14, what is -cd - 716?
-805
In base 12, what is 390b - 243?
3688
In base 12, what is -1ba862 - 2?
-1ba864
In base 16, what is -1 - 13a21?
-13a22
In base 6, what is 10 - -12450?
12500
In base 2, what is -1001 + -11000000111101?
-11000001000110
In base 9, what is -3 - -4705?
4702
In base 4, what is -3230223 - -12?
-3230211
In base 9, what is 34651 + 76?
34737
In base 13, what is -1c3 + bb1?
9bb
In base 7, what is 1340 - 1123?
214
In base 5, what is -134403 + -343?
-140301
In base 13, what is 6a938 - 2?
6a936
In base 2, what is -1011001110100 - -100000?
-1011001010100
In base 4, what is -231122 - -1?
-231121
In base 16, what is -a6a48 + 0?
-a6a48
In base 13, what is 1c + 2247?
2266
In base 16, what is 6 + 1dd0a?
1dd10
In base 15, what is -1631 - 46?
-1677
In base 2, what is 0 - -1001100000011?
1001100000011
In base 3, what is -1212122 - -1?
-1212121
In base 2, what is -100110000 + -100101010001?
-101010000001
In base 12, what is -42 - -1660?
161a
In base 4, what is -13302 - -203010?
123102
In base 11, what is 18586 - 5?
18581
In base 10, what is 200 + -79?
121
In base 13, what is -c43a + 5?
-c435
In base 16, what is e6 - -49b?
581
In base 7, what is -3 - -20014563?
20014560
In base 15, what is -5c6 + -1?
-5c7
In base 12, what is -17 - 20195?
-201b0
In base 4, what is -22032 - 33?
-22131
In base 8, what is 21653 - -5?
21660
In base 16, what is d58 + 13?
d6b
In base 15, what is -6da9 + 9?
-6da0
In base 3, what is 2 + -10221201200?
-10221201121
In base 14, what is -2 - 3165?
-3167
In base 10, what is 8 - -204925?
204933
In base 15, what is -4c - d26?
-d73
In base 15, what is 31 + 3b28?
3b59
In base 7, what is 0 + 14?
14
In b